{"id":168,"date":"2018-09-04T19:16:58","date_gmt":"2018-09-04T19:16:58","guid":{"rendered":"https:\/\/ferienwohnungen-am-muehlbach.de\/?page_id=168"},"modified":"2024-07-15T17:54:58","modified_gmt":"2024-07-15T17:54:58","slug":"mahlstube","status":"publish","type":"page","link":"https:\/\/ferienwohnungen-am-muehlbach.de\/?page_id=168","title":{"rendered":"Ferienwohnung &#8222;Mahlstube&#8220;"},"content":{"rendered":"<p><span style=\"color: #333333;\">Es erwartet Sie eine au\u00dfergew\u00f6hnliche Ferienwohnung. Hier wurde ca. 200 Jahre lang Mehl gemahlen. Die Einteilung und das Ambiente ist dementsprechend originell. <\/span><\/p>\n<p><span style=\"color: #333333;\">Durch die urspr\u00fcngliche Haust\u00fcre gelangt man \u00fcber den Eingangsbereich in den gro\u00dfz\u00fcgigen offenen Wohnbereich mit Couchgarnitur und Fernseher.<\/span><\/p>\n<p><span style=\"color: #333333;\">Von dort aus geht es in zwei Schlafzimmer mit je einem Etagendoppelbett. Unter dem ehemaligen Mahlpodium finden Sie ein Doppelbett f\u00fcr ein Paar. Das Ehebett ist zum Fu\u00dfende offen. Gro\u00dfe Menschen haben Fu\u00dffreiheit. <\/span><\/p>\n<p><span style=\"color: #333333;\">\u00dcber einige Stufen gelangen Sie auf das Podium mit dem Essbereich und einer Leseecke mit Schlafcouch (1,20 breit). Hier befindet sich noch der urspr\u00fcngliche \u201eGalgen\u201c zum Anheben und \u00dcbersetzen der Mahlsteine.<\/span><\/p>\n<p><span style=\"color: #333333;\">Auf gleicher Ebene schreiten Sie durch die breite ehemalige Au\u00dfenwand in die ger\u00e4umige K\u00fcche mit Essgruppe, Sp\u00fclmaschine, Mikrowelle und vollausgestatteter Hochglanz-Einbauk\u00fcche und gelangen in einen kleinen Garten mit Sitzgelegenheit ins Freie. Neben der K\u00fcche finden Sie das Badezimmer mit gro\u00dfer begehbarer Duschkabine und Regenwalddusche. <\/span><\/p>\n<h5>Information<\/h5>\n<ul>\n<li><span style=\"color: #333333;\">Die Wohnung ist geeignet f\u00fcr maximal 6\u00a0 Personen.<\/span><\/li>\n<li><span style=\"color: #333333;\">Nichtraucherwohnung.<\/span><\/li>\n<li><span style=\"color: #333333;\">Mitbringen von Haustieren ist nicht erw\u00fcnscht.<\/span><\/li>\n<\/ul>\n<h5>Erdgescho\u00df<\/h5>\n<ul>\n<li><span style=\"color: #333333;\"><span style=\"font-size: medium;\">Wohnraum mit Fernseher und Couchgarnitur<\/span><\/span><\/li>\n<li><span style=\"color: #333333;\"><span style=\"font-size: medium;\">2 Schlafzimmer mit je einem Etagendoppelbett<\/span><\/span><\/li>\n<li><span style=\"color: #333333;\"><span style=\"font-size: medium;\">1 Ehebett unter dem Mahlpodium<\/span><\/span><\/li>\n<li><span style=\"color: #333333;\"><span style=\"font-size: medium;\">(Bettw\u00e4sche wird gestellt)<\/span><\/span><\/li>\n<\/ul>\n<h5>Mahlpodium (6 Stufen h\u00f6her)<\/h5>\n<ul>\n<li><span style=\"color: #333333;\"><span style=\"font-size: medium;\">Essplatz<\/span><\/span><\/li>\n<li><span style=\"color: #333333;\"><span style=\"font-size: medium;\">Leseecke (Schlafcouch) <\/span><\/span><\/li>\n<\/ul>\n<h5>K\u00fcche<\/h5>\n<ul>\n<li><span style=\"color: #333333;\"><span style=\"font-size: medium;\">Voll ausgestattet, Sp\u00fclmaschine, Waschmaschine, Essplatz<\/span><\/span><\/li>\n<\/ul>\n<h5>Badezimmer<\/h5>\n<ul>\n<li><span style=\"color: #333333;\"><span style=\"font-size: medium;\">Begehbare Dusche,<\/span><\/span><\/li>\n<li><span style=\"color: #333333;\"><span style=\"font-size: medium;\">WC<\/span><\/span><\/li>\n<li><span style=\"color: #333333;\"><span style=\"font-size: medium;\">Haartrockner<\/span><\/span><\/li>\n<li><span style=\"color: #333333;\"><span style=\"font-size: medium;\">Personenwaage<\/span><\/span><\/li>\n<li><span style=\"color: #333333;\"><span style=\"font-size: medium;\">Vergr\u00f6\u00dferungsspiegel<\/span><\/span><\/li>\n<\/ul>\n<h5>EIngangsbereich<\/h5>\n<ul>\n<li><span style=\"color: #333333;\"><span style=\"font-size: medium;\">Garderobe<\/span><\/span><\/li>\n<\/ul>\n<h5>Vor dem eingang<\/h5>\n<ul>\n<li><span style=\"color: #333333;\"><span style=\"font-size: medium;\">Sitzgruppe<\/span><\/span><\/li>\n<li><span style=\"color: #333333;\"><span style=\"font-size: medium;\">Sonnenschirm<\/span><\/span><\/li>\n<\/ul>\n<h5>Au\u00dferhalb der k\u00fcche<\/h5>\n<ul>\n<li><span style=\"color: #333333;\"><span style=\"font-size: medium;\">Kleiner Garten mit Sitzgelegenheit<\/span><\/span><\/li>\n<\/ul>\n<h5>Auf dem Anwesen stehen zur Verf\u00fcgung<\/h5>\n<ul>\n<li><span style=\"color: #333333;\"><span style=\"font-size: medium;\">Parkpl\u00e4tze, Einstellraum f\u00fcr Fahr- und Motorr\u00e4der<\/span><\/span><\/li>\n<li><span style=\"color: #333333;\"><span style=\"font-size: medium;\">Trockenm\u00f6glichkeit f\u00fcr Motorradbekleidung<\/span><\/span><\/li>\n<li>Liegewiese (am Ferienhaus)<\/li>\n<li><span style=\"color: #333333;\"><span style=\"font-size: medium;\">WLAN freier Zugang<\/span><\/span><\/li>\n<\/ul>\n<h5>Im Ferienhaus daneben<\/h5>\n<ul>\n<li><span style=\"color: #333333;\"><span style=\"font-size: medium;\">Wellnessraum mit Sauna und Solarium (gegen Geb\u00fchr) <\/span><\/span><\/li>\n<li><span style=\"color: #333333;\"><span style=\"font-size: medium;\">Waschmaschine (gegen Geb\u00fchr)<\/span><\/span><\/li>\n<\/ul>\n<div id='gallery-1' class='gallery galleryid-168 gallery-columns-3 gallery-size-thumbnail'><figure class='gallery-item'>\n\t\t\t<div class='gallery-icon landscape'>\n\t\t\t\t<a href='https:\/\/ferienwohnungen-am-muehlbach.de\/wp-content\/uploads\/2019\/04\/20171026_175927-1.jpg' rel=\"lightbox[168]\"><img loading=\"lazy\" decoding=\"async\" width=\"300\" height=\"300\" src=\"https:\/\/ferienwohnungen-am-muehlbach.de\/wp-content\/uploads\/2019\/04\/20171026_175927-1-300x300.jpg\" class=\"attachment-thumbnail size-thumbnail\" alt=\"\" srcset=\"https:\/\/ferienwohnungen-am-muehlbach.de\/wp-content\/uploads\/2019\/04\/20171026_175927-1-300x300.jpg 300w, https:\/\/ferienwohnungen-am-muehlbach.de\/wp-content\/uploads\/2019\/04\/20171026_175927-1-100x100.jpg 100w\" sizes=\"auto, 100vw\" \/><\/a>\n\t\t\t<\/div><\/figure><figure class='gallery-item'>\n\t\t\t<div class='gallery-icon landscape'>\n\t\t\t\t<a href='https:\/\/ferienwohnungen-am-muehlbach.de\/wp-content\/uploads\/2019\/04\/20180327_004336-1.jpg' rel=\"lightbox[168]\"><img loading=\"lazy\" decoding=\"async\" width=\"300\" height=\"300\" src=\"https:\/\/ferienwohnungen-am-muehlbach.de\/wp-content\/uploads\/2019\/04\/20180327_004336-1-300x300.jpg\" class=\"attachment-thumbnail size-thumbnail\" alt=\"\" srcset=\"https:\/\/ferienwohnungen-am-muehlbach.de\/wp-content\/uploads\/2019\/04\/20180327_004336-1-300x300.jpg 300w, https:\/\/ferienwohnungen-am-muehlbach.de\/wp-content\/uploads\/2019\/04\/20180327_004336-1-100x100.jpg 100w\" sizes=\"auto, 100vw\" \/><\/a>\n\t\t\t<\/div><\/figure><figure class='gallery-item'>\n\t\t\t<div class='gallery-icon landscape'>\n\t\t\t\t<a href='https:\/\/ferienwohnungen-am-muehlbach.de\/wp-content\/uploads\/2019\/04\/20180327_004501-1.jpg' rel=\"lightbox[168]\"><img loading=\"lazy\" decoding=\"async\" width=\"300\" height=\"300\" src=\"https:\/\/ferienwohnungen-am-muehlbach.de\/wp-content\/uploads\/2019\/04\/20180327_004501-1-300x300.jpg\" class=\"attachment-thumbnail size-thumbnail\" alt=\"\" srcset=\"https:\/\/ferienwohnungen-am-muehlbach.de\/wp-content\/uploads\/2019\/04\/20180327_004501-1-300x300.jpg 300w, https:\/\/ferienwohnungen-am-muehlbach.de\/wp-content\/uploads\/2019\/04\/20180327_004501-1-100x100.jpg 100w\" sizes=\"auto, 100vw\" \/><\/a>\n\t\t\t<\/div><\/figure><figure class='gallery-item'>\n\t\t\t<div class='gallery-icon portrait'>\n\t\t\t\t<a href='https:\/\/ferienwohnungen-am-muehlbach.de\/wp-content\/uploads\/2019\/04\/20180327_004520-e1536089398175.jpg' rel=\"lightbox[168]\"><img loading=\"lazy\" decoding=\"async\" width=\"300\" height=\"300\" src=\"https:\/\/ferienwohnungen-am-muehlbach.de\/wp-content\/uploads\/2019\/04\/20180327_004520-e1536089398175-300x300.jpg\" class=\"attachment-thumbnail size-thumbnail\" alt=\"\" srcset=\"https:\/\/ferienwohnungen-am-muehlbach.de\/wp-content\/uploads\/2019\/04\/20180327_004520-e1536089398175-300x300.jpg 300w, https:\/\/ferienwohnungen-am-muehlbach.de\/wp-content\/uploads\/2019\/04\/20180327_004520-e1536089398175-100x100.jpg 100w\" sizes=\"auto, 100vw\" \/><\/a>\n\t\t\t<\/div><\/figure><figure class='gallery-item'>\n\t\t\t<div class='gallery-icon landscape'>\n\t\t\t\t<a href='https:\/\/ferienwohnungen-am-muehlbach.de\/wp-content\/uploads\/2019\/04\/20180327_004538-1.jpg' rel=\"lightbox[168]\"><img loading=\"lazy\" decoding=\"async\" width=\"300\" height=\"300\" src=\"https:\/\/ferienwohnungen-am-muehlbach.de\/wp-content\/uploads\/2019\/04\/20180327_004538-1-300x300.jpg\" class=\"attachment-thumbnail size-thumbnail\" alt=\"\" srcset=\"https:\/\/ferienwohnungen-am-muehlbach.de\/wp-content\/uploads\/2019\/04\/20180327_004538-1-300x300.jpg 300w, https:\/\/ferienwohnungen-am-muehlbach.de\/wp-content\/uploads\/2019\/04\/20180327_004538-1-100x100.jpg 100w\" sizes=\"auto, 100vw\" \/><\/a>\n\t\t\t<\/div><\/figure><figure class='gallery-item'>\n\t\t\t<div class='gallery-icon portrait'>\n\t\t\t\t<a href='https:\/\/ferienwohnungen-am-muehlbach.de\/wp-content\/uploads\/2019\/04\/20180327_004556-e1536089379708.jpg' rel=\"lightbox[168]\"><img loading=\"lazy\" decoding=\"async\" width=\"300\" height=\"300\" src=\"https:\/\/ferienwohnungen-am-muehlbach.de\/wp-content\/uploads\/2019\/04\/20180327_004556-e1536089379708-300x300.jpg\" class=\"attachment-thumbnail size-thumbnail\" alt=\"\" srcset=\"https:\/\/ferienwohnungen-am-muehlbach.de\/wp-content\/uploads\/2019\/04\/20180327_004556-e1536089379708-300x300.jpg 300w, https:\/\/ferienwohnungen-am-muehlbach.de\/wp-content\/uploads\/2019\/04\/20180327_004556-e1536089379708-100x100.jpg 100w\" sizes=\"auto, 100vw\" \/><\/a>\n\t\t\t<\/div><\/figure><figure class='gallery-item'>\n\t\t\t<div class='gallery-icon landscape'>\n\t\t\t\t<a href='https:\/\/ferienwohnungen-am-muehlbach.de\/wp-content\/uploads\/2019\/04\/20180327_004624-1.jpg' rel=\"lightbox[168]\"><img loading=\"lazy\" decoding=\"async\" width=\"300\" height=\"300\" src=\"https:\/\/ferienwohnungen-am-muehlbach.de\/wp-content\/uploads\/2019\/04\/20180327_004624-1-300x300.jpg\" class=\"attachment-thumbnail size-thumbnail\" alt=\"\" srcset=\"https:\/\/ferienwohnungen-am-muehlbach.de\/wp-content\/uploads\/2019\/04\/20180327_004624-1-300x300.jpg 300w, https:\/\/ferienwohnungen-am-muehlbach.de\/wp-content\/uploads\/2019\/04\/20180327_004624-1-100x100.jpg 100w\" sizes=\"auto, 100vw\" \/><\/a>\n\t\t\t<\/div><\/figure><figure class='gallery-item'>\n\t\t\t<div class='gallery-icon portrait'>\n\t\t\t\t<a href='https:\/\/ferienwohnungen-am-muehlbach.de\/wp-content\/uploads\/2019\/04\/20180327_004924-e1536089332519.jpg' rel=\"lightbox[168]\"><img loading=\"lazy\" decoding=\"async\" width=\"300\" height=\"300\" src=\"https:\/\/ferienwohnungen-am-muehlbach.de\/wp-content\/uploads\/2019\/04\/20180327_004924-e1536089332519-300x300.jpg\" class=\"attachment-thumbnail size-thumbnail\" alt=\"\" srcset=\"https:\/\/ferienwohnungen-am-muehlbach.de\/wp-content\/uploads\/2019\/04\/20180327_004924-e1536089332519-300x300.jpg 300w, https:\/\/ferienwohnungen-am-muehlbach.de\/wp-content\/uploads\/2019\/04\/20180327_004924-e1536089332519-100x100.jpg 100w\" sizes=\"auto, 100vw\" \/><\/a>\n\t\t\t<\/div><\/figure><figure class='gallery-item'>\n\t\t\t<div class='gallery-icon portrait'>\n\t\t\t\t<a href='https:\/\/ferienwohnungen-am-muehlbach.de\/wp-content\/uploads\/2019\/04\/20180327_004942-e1536089315875.jpg' rel=\"lightbox[168]\"><img loading=\"lazy\" decoding=\"async\" width=\"300\" height=\"300\" src=\"https:\/\/ferienwohnungen-am-muehlbach.de\/wp-content\/uploads\/2019\/04\/20180327_004942-e1536089315875-300x300.jpg\" class=\"attachment-thumbnail size-thumbnail\" alt=\"\" srcset=\"https:\/\/ferienwohnungen-am-muehlbach.de\/wp-content\/uploads\/2019\/04\/20180327_004942-e1536089315875-300x300.jpg 300w, https:\/\/ferienwohnungen-am-muehlbach.de\/wp-content\/uploads\/2019\/04\/20180327_004942-e1536089315875-100x100.jpg 100w\" sizes=\"auto, 100vw\" \/><\/a>\n\t\t\t<\/div><\/figure><figure class='gallery-item'>\n\t\t\t<div class='gallery-icon landscape'>\n\t\t\t\t<a href='https:\/\/ferienwohnungen-am-muehlbach.de\/wp-content\/uploads\/2019\/04\/image1.jpeg' rel=\"lightbox[168]\"><img loading=\"lazy\" decoding=\"async\" width=\"300\" height=\"300\" src=\"https:\/\/ferienwohnungen-am-muehlbach.de\/wp-content\/uploads\/2019\/04\/image1-300x300.jpeg\" class=\"attachment-thumbnail size-thumbnail\" alt=\"\" srcset=\"https:\/\/ferienwohnungen-am-muehlbach.de\/wp-content\/uploads\/2019\/04\/image1-300x300.jpeg 300w, https:\/\/ferienwohnungen-am-muehlbach.de\/wp-content\/uploads\/2019\/04\/image1-100x100.jpeg 100w\" sizes=\"auto, 100vw\" \/><\/a>\n\t\t\t<\/div><\/figure><figure class='gallery-item'>\n\t\t\t<div class='gallery-icon landscape'>\n\t\t\t\t<a href='https:\/\/ferienwohnungen-am-muehlbach.de\/wp-content\/uploads\/2019\/04\/image3-1.jpeg' rel=\"lightbox[168]\"><img loading=\"lazy\" decoding=\"async\" width=\"300\" height=\"300\" src=\"https:\/\/ferienwohnungen-am-muehlbach.de\/wp-content\/uploads\/2019\/04\/image3-1-300x300.jpeg\" class=\"attachment-thumbnail size-thumbnail\" alt=\"\" srcset=\"https:\/\/ferienwohnungen-am-muehlbach.de\/wp-content\/uploads\/2019\/04\/image3-1-300x300.jpeg 300w, https:\/\/ferienwohnungen-am-muehlbach.de\/wp-content\/uploads\/2019\/04\/image3-1-100x100.jpeg 100w\" sizes=\"auto, 100vw\" \/><\/a>\n\t\t\t<\/div><\/figure><figure class='gallery-item'>\n\t\t\t<div class='gallery-icon landscape'>\n\t\t\t\t<a href='https:\/\/ferienwohnungen-am-muehlbach.de\/wp-content\/uploads\/2019\/04\/image8-1.jpeg' rel=\"lightbox[168]\"><img loading=\"lazy\" decoding=\"async\" width=\"300\" height=\"300\" src=\"https:\/\/ferienwohnungen-am-muehlbach.de\/wp-content\/uploads\/2019\/04\/image8-1-300x300.jpeg\" class=\"attachment-thumbnail size-thumbnail\" alt=\"\" srcset=\"https:\/\/ferienwohnungen-am-muehlbach.de\/wp-content\/uploads\/2019\/04\/image8-1-300x300.jpeg 300w, https:\/\/ferienwohnungen-am-muehlbach.de\/wp-content\/uploads\/2019\/04\/image8-1-100x100.jpeg 100w\" sizes=\"auto, 100vw\" \/><\/a>\n\t\t\t<\/div><\/figure><figure class='gallery-item'>\n\t\t\t<div class='gallery-icon portrait'>\n\t\t\t\t<a href='https:\/\/ferienwohnungen-am-muehlbach.de\/wp-content\/uploads\/2024\/07\/Urkunde-Mahlstube-2024.jpg' rel=\"lightbox[168]\"><img loading=\"lazy\" decoding=\"async\" width=\"300\" height=\"300\" src=\"https:\/\/ferienwohnungen-am-muehlbach.de\/wp-content\/uploads\/2024\/07\/Urkunde-Mahlstube-2024-300x300.jpg\" class=\"attachment-thumbnail size-thumbnail\" alt=\"\" srcset=\"https:\/\/ferienwohnungen-am-muehlbach.de\/wp-content\/uploads\/2024\/07\/Urkunde-Mahlstube-2024-300x300.jpg 300w, https:\/\/ferienwohnungen-am-muehlbach.de\/wp-content\/uploads\/2024\/07\/Urkunde-Mahlstube-2024-100x100.jpg 100w\" sizes=\"auto, 100vw\" \/><\/a>\n\t\t\t<\/div><\/figure>\n\t\t<\/div>\n\n","protected":false},"excerpt":{"rendered":"<p>Es erwartet Sie eine au\u00dfergew\u00f6hnliche Ferienwohnung. Hier wurde ca. 200 Jahre lang Mehl gemahlen. Die Einteilung und das Ambiente ist dementsprechend originell. Durch die urspr\u00fcngliche Haust\u00fcre gelangt man \u00fcber den Eingangsbereich in den gro\u00dfz\u00fcgigen offenen Wohnbereich mit Couchgarnitur und Fernseher. Von dort aus geht es in zwei Schlafzimmer mit je einem Etagendoppelbett. Unter dem ehemaligen &hellip; <\/p>\n<p class=\"link-more\"><a href=\"https:\/\/ferienwohnungen-am-muehlbach.de\/?page_id=168\" class=\"more-link\"><span class=\"screen-reader-text\">\u201eFerienwohnung &#8222;Mahlstube&#8220;\u201c<\/span> weiterlesen<\/a><\/p>\n","protected":false},"author":1,"featured_media":0,"parent":38,"menu_order":6,"comment_status":"closed","ping_status":"closed","template":"","meta":{"footnotes":""},"class_list":["post-168","page","type-page","status-publish","hentry"],"_links":{"self":[{"href":"https:\/\/ferienwohnungen-am-muehlbach.de\/index.php?rest_route=\/wp\/v2\/pages\/168","targetHints":{"allow":["GET"]}}],"collection":[{"href":"https:\/\/ferienwohnungen-am-muehlbach.de\/index.php?rest_route=\/wp\/v2\/pages"}],"about":[{"href":"https:\/\/ferienwohnungen-am-muehlbach.de\/index.php?rest_route=\/wp\/v2\/types\/page"}],"author":[{"embeddable":true,"href":"https:\/\/ferienwohnungen-am-muehlbach.de\/index.php?rest_route=\/wp\/v2\/users\/1"}],"replies":[{"embeddable":true,"href":"https:\/\/ferienwohnungen-am-muehlbach.de\/index.php?rest_route=%2Fwp%2Fv2%2Fcomments&post=168"}],"version-history":[{"count":4,"href":"https:\/\/ferienwohnungen-am-muehlbach.de\/index.php?rest_route=\/wp\/v2\/pages\/168\/revisions"}],"predecessor-version":[{"id":586,"href":"https:\/\/ferienwohnungen-am-muehlbach.de\/index.php?rest_route=\/wp\/v2\/pages\/168\/revisions\/586"}],"up":[{"embeddable":true,"href":"https:\/\/ferienwohnungen-am-muehlbach.de\/index.php?rest_route=\/wp\/v2\/pages\/38"}],"wp:attachment":[{"href":"https:\/\/ferienwohnungen-am-muehlbach.de\/index.php?rest_route=%2Fwp%2Fv2%2Fmedia&parent=168"}],"curies":[{"name":"wp","href":"https:\/\/api.w.org\/{rel}","templated":true}]}}